True
Is 10 a factor of 4357?
False
Is 37 a factor of 18031?
False
Is 16111 a multiple of 71?
False
Is 16 a factor of 5872?
True
Is 35664 a multiple of 12?
True
Is 47 a factor of 1880?
True
Does 131 divide 1956?
False
Does 87 divide 3897?
False
Is 2 a factor of 231?
False
Is 1309 a multiple of 22?
False
Does 46 divide 12144?
True
Does 10 divide 15075?
False
Is 50 a factor of 1883?
False
Is 31 a factor of 15068?
False
Is 2346 a multiple of 17?
True
Is 91 a factor of 30030?
True
Is 57076 a multiple of 19?
True
Does 95 divide 190?
True
Is 15 a factor of 206?
False
Is 11 a factor of 1321?
False
Does 81 divide 147582?
True
Is 1360 a multiple of 68?
True
Is 25 a factor of 217?
False
Does 40 divide 510?
False
Is 220 a multiple of 20?
True
Is 43 a factor of 65876?
True
Does 5 divide 902?
False
Is 27 a factor of 15228?
True
Is 19 a factor of 952?
False
Is 1460 a multiple of 146?
True
Is 10 a factor of 90?
True
Is 127 even?
False
Is 16611 a multiple of 49?
True
Is 422 a multiple of 21?
False
Is 819 a multiple of 117?
True
Does 89 divide 4622?
False
Does 70 divide 560?
True
Does 272 divide 21216?
True
Does 13 divide 143?
True
Is 18 a factor of 758?
False
Is 2 a factor of 1343?
False
Is 180 a multiple of 3?
True
Is 2204 a multiple of 38?
True
Is 318 a factor of 35934?
True
Is 518 a multiple of 49?
False
Does 7 divide 2051?
True
Does 9 divide 252?
True
Does 62 divide 25733?
False
Is 109 a multiple of 9?
False
Is 25676 a multiple of 14?
True
Does 5 divide 576?
False
Is 13 a factor of 3877?
False
Does 17 divide 10132?
True
Does 13 divide 403?
True
Is 12 a factor of 365?
False
Is 29312 a multiple of 19?
False
Does 104 divide 21635?
False
Is 9435 a multiple of 111?
True
Is 756 a multiple of 122?
False
Does 32 divide 1824?
True
Is 127 a factor of 2070?
False
Is 14 a factor of 3045?
False
Is 1550 a multiple of 138?
False
Does 49 divide 2307?
False
Is 377 a multiple of 12?
False
Is 69223 a multiple of 319?
True
Is 306 a factor of 64776?
False
Does 41 divide 39211?
False
Is 3 a factor of 7459?
False
Does 20 divide 1552?
False
Does 10 divide 2593?
False
Is 564 a multiple of 47?
True
Is 263 a multiple of 141?
False
Does 13 divide 5239?
True
Does 27 divide 1018?
False
Is 76 a factor of 4256?
True
Does 9 divide 99?
True
Is 141 a factor of 8883?
True
Does 2 divide 1013?
False
Is 14124 a multiple of 18?
False
Is 6131 a multiple of 12?
False
Is 29 a factor of 795?
False
Is 54 a multiple of 27?
True
Does 6 divide 7344?
True
Is 3371 a multiple of 112?
False
Is 8 a factor of 1664?
True
Is 280 a multiple of 83?
False
Is 178 a multiple of 6?
False
Does 67 divide 1138?
False
Does 51 divide 663?
True
Is 8034 a multiple of 59?
False
Is 2394 a multiple of 21?
True
Does 13 divide 650?
True
Is 121 a factor of 28118?
False
Does 90 divide 12870?
True
Is 29214 a multiple of 18?
True
Is 208 a multiple of 4?
True
Is 186 a multiple of 15?
False
Does 15 divide 1049?
False
Does 102 divide 1565?
False
Is 42 a factor of 8576?
False
Is 105833 a multiple of 80?
False
Does 130 divide 4454?
False
Does 142 divide 17892?
True
Is 4 a factor of 267?
False
Is 3097 a multiple of 29?
False
Is 6 a factor of 162?
True
Does 19 divide 760?
True
Is 55968 a multiple of 48?
True
Does 24 divide 3672?
True
Does 18 divide 2088?
True
Does 50 divide 1350?
True
Is 348 a multiple of 3?
True
Is 7 a factor of 154?
True
Does 12 divide 6517?
False
Is 5 a factor of 290?
True
Is 1377 a multiple of 27?
True
Is 3 a factor of 81?
True
Does 11 divide 2530?
True
Is 530 a multiple of 15?
False
Is 12 a factor of 20543?
False
Does 12 divide 1176?
True
Does 66 divide 1189?
False
Is 1053 a multiple of 88?
False
Is 119 a multiple of 4?
False
Is 15 a factor of 330?
True
Is 65 a factor of 1430?
True
Does 170 divide 5440?
True
Is 32 a factor of 1305?
False
Is 269 a factor of 21520?
True
Is 858 a multiple of 17?
False
Is 2 a factor of 116?
True
Does 81 divide 5138?
False
Does 16 divide 192?
True
Does 7 divide 119?
True
Is 825 a multiple of 15?
True
Does 28 divide 1316?
True
Is 6 a factor of 396?
True
Does 3 divide 48?
True
Is 303 a multiple of 7?
False
Is 2 a factor of 324?
True
Does 4 divide 14?
False
Does 12 divide 912?
True
Is 40 a factor of 33202?
False
Is 60 a factor of 1080?
True
Does 9 divide 866?
False
Does 18 divide 1508?
False
Is 340 a multiple of 17?
True
Is 1650 a multiple of 33?
True
Does 7 divide 138?
False
Is 7 a factor of 3122?
True
Is 5130 even?
True
Is 8017 a multiple of 32?
False
Does 11 divide 1720?
False
Is 754 even?
True
Is 55 a factor of 275?
True
Is 38701 a multiple of 219?
False
Is 31993 a multiple of 175?
False
Is 60225 a multiple of 15?
True
Is 58 a factor of 941?
False
Is 137885 a multiple of 15?
False
Is 17 a factor of 681?
False
Does 76 divide 4788?
True
Is 3 a factor of 196?
False
Is 191 a factor of 5300?
False
Does 17 divide 12240?
True
Is 68 a multiple of 2?
True
Does 19 divide 24947?
True
Does 21 divide 751?
False
Does 21 divide 30954?
True
Does 13 divide 1763?
False
Is 8 a factor of 45840?
True
Is 13684 a multiple of 22?
True
Does 33 divide 528?
True
Is 6707 a multiple of 19?
True
Is 466 a multiple of 49?
False
Does 38 divide 134?
False
Is 30070 a multiple of 24?
False
Is 2232 a multiple of 71?
False
Does 50 divide 150?
True
Is 419 a factor of 36848?
False
Is 1862 a multiple of 98?
True
Is 8 a factor of 408?
True
Is 17524 a multiple of 94?
False
Does 11 divide 88?
True
Is 899 a multiple of 27?
False
Is 20202 a multiple of 14?
True
Does 6 divide 676?
False
Does 20 divide 7589?
False
Does 133 divide 2842?
False
Does 9 divide 6561?
True
Is 44 a multiple of 16?
False
Does 123 divide 4674?
True
Is 1003 a multiple of 22?
False
Is 73 a factor of 1825?
True
Does 45 divide 21600?
True
Is 30 a factor of 1171?
False
Does 55 divide 93799?
False
Is 44483 a multiple of 8?
False
Does 6 divide 325?
False
Does 7 divide 5509?
True
Is 7926 a multiple of 14?
False
Does 12 divide 3156?
True
Is 748 a multiple of 34?
True
Does 13 divide 19015?
False
Is 417 a multiple of 7?
False
Is 105376 a multiple of 37?
True
Is 356 a factor of 33318?
False
Is 51 a factor of 599?
False
Is 13248 a multiple of 207?
True
Is 28201 a multiple of 13?
False
Is 1495 a multiple of 115?
True
Is 11 a factor of 4621?
False
Is 25 a factor of 10875?
True
Is 8316 a multiple of 126?
True
Is 19 a factor of 440?
False
Is 11 a factor of 1507?
True
Is 29 a factor of 817?
False
Is 39 a factor of 153?
False
Is 2946 a multiple of 21?
False
Does 81 divide 78927?
False
Is 13 a factor of 2661?
False
Does 9 divide 30708?
True
Is 194 a factor of 31783?
False
Is 117 a factor of 14060?
False
Does 163 divide 2608?
True
Does 9 divide 36378?
True
Does 121 divide 11979?
True
Is 8 a factor of 1024?
True
Is 576 a multiple of 18?
True
Is 1122 a multiple of 33?
True
Does 20 divide 10020?
True
Is 6252 a multiple of 75?
False
Is 10 a factor of 5260?
True
Is 6 a factor of 147?
False
Is 32184 a multiple of 54?
True
Is 17 a factor of 6973?
False
Does 86 divide 9460?
True
Is 16138 a multiple of 19?
False
Is 4119 a multiple of 11?
False
Does 54 divide 25418?
False
Is 35211 a multiple of 291?
True
Is 490 a multiple of 5?
True
Does 43 divide 3253?
False
Is 16629 a multiple of 63?
False
Is 11874 a multiple of 3?
True
Does 43 divide 16078?
False
Is 105 a multiple of 4?
False
Does 20 divide 17246?
False
Is 16 a factor of 1168?
True
Does 17 divide 2499?
True
Is 511 a multiple of 15?
False
Does 21 divide 21336?
True
Is 8347 a multiple of 78?
False
Does 13 divide 1690?
True
Is 5 a factor of 5572?
False
Is 7553 a multiple of 7?
True
Does 148 divide 20720?
True
Is 12 a factor of 655?
False
Is 24 a factor of 1008?
True
Is 1425 a multiple of 25?
True
Does 65 divide 2730?
True
Is 4312 a multiple of 92?
False
Is 350 a multiple of 7?
True
Does 46 divide 10635?
False
Does 14 divide 84?
True
Does 221 divide 5967?
True
Does 9 divide 2107?
False
Does 24 divide 192?
True
Does 31 divide 1953?
True
Does 14 divide 11004?
True
Is 6599 a multiple of 2?
False
Is 83 a factor of 4814?
True
Is 15 a factor of 16530?
True
Is 10 a factor of 90?
True
Is 342 a multiple of 19?
True
Does 82 divide 24108?
True
Is 6015 a multiple of 125?
False
Is 10 a factor of 9044?
False
Is 1727 a multiple of 32?
False
Is 26 a multiple of 4?
False
Is 3856 a multiple of 8?
True
Does 30 divide 144?
False
Does 80 divide 240?
True
Is 4